tors of q?
3, 79
Suppose 4*r + 3*x = -4 + 19, -5*x = -5*r + 10. Suppose -r*k + 36 = k. List the prime factors of k.
3
Let d(g) = -11*g - 17 + 14*g - 7*g - 9*g. List the prime factors of d(-13).
2, 19
Let j = -51 + 116. Let z = j - -8. What are the prime factors of z?
73
Suppose -407 - 8 = -5*n. Let v be 2/(-4)*(-1 - -1). Suppose -2*f = 5*z - 79, -5*f = -v*z - 4*z + n. What are the prime factors of z?
17
Let i(m) = m**3 + 2*m**2 + m + 3. Let h be i(0). What are the prime factors of 148*-3*((-8)/(-3) - h)?
2, 37
Suppose 4*r + 8 = 0, 0 = 2*u - r - 4*r + 854. Let o be (u/14)/(3/(-14)). Suppose -o - 64 = -4*h. What are the prime factors of h?
2, 13
Let l be (-1 - 55/(-15))/(2/111). Suppose 246 = -l*h + 150*h. What are the prime factors of h?
3, 41
Let o(i) = i**3 + 7*i**2 - 9. Let m be o(-7). Let k = m + 12. Suppose 0 = j + 5*w - 27, 2*w - 5 = k. List the prime factors of j.
7
What are the prime factors of -8 + 2369 + 20/5?
5, 11, 43
Suppose 0 = 2*y + 6 - 66. Let x = -21 + y. List the prime factors of x.
3
Let m be ((-80)/15)/((-2)/24). Suppose m - 8 = -2*t. Let b = 50 + t. List the prime factors of b.
2, 11
Suppose -3*x + 1405 + 1025 = 0. Suppose 0 = -12*y + 2*y + x. What are the prime factors of y?
3
Let t(d) = 3*d**2 + 3*d + 4. Let q(l) = 4*l + l - 3*l + 3. Let x be q(-3). List the prime factors of t(x).
2, 11
Let i = -7 + 9. Suppose -4*v + i = -6. Suppose 5*y - v*y - 36 = 0. What are the prime factors of y?
2, 3
Let o(n) = -7*n**2 - 11*n - 21. Let t be o(-3). Suppose s = 6*s + 125. Let u = s - t. What are the prime factors of u?
2, 13
Suppose 249 = 3*p + 3*i, -2*i - 33 = -p + 65. Let g = 137 - p. List the prime factors of g.
7
Let l(c) = -704*c + 7. What are the prime factors of l(-3)?
13, 163
Let x(c) = -14*c - 1. Let f(h) = -h. Suppose 5*w = -5*p - 4 - 6, w = -5*p - 18. Let s(q) = p*f(q) - x(q). List the prime factors of s(3).
5, 11
Suppose 0 = 2*r - 1919 + 559. Suppose r = 6*h - h + 4*l, -25 = -5*l. List the prime factors of h.
2, 3, 11
Suppose -6 = -5*i + 4*i - 4*b, -3*i + b = -5. Suppose -v = 5*w - i*v - 251, 0 = 4*v + 4. List the prime factors of w.
2, 5
Suppose -1 = -z + 1. Suppose y - 9 = -z*y. List the prime factors of y.
3
Let t be 1/(2/4) + 0. Let h be 5/10*(12 - t). Suppose -h*x = -0*x - 20. What are the prime factors of x?
2
Let o(g) = -g**3 + 36. Let k be o(0). Suppose 5*l + 11 = v + 3*l, 4*v - 4*l - k = 0. List the prime factors of v.
7
Suppose 22 = v - u, v = -2*u + 9 + 1. Suppose -v = -d - 0*d. List the prime factors of d.
2, 3
Let l(i) = i**3 - 9*i**2 + 4. Let a be l(9). Suppose -22 = -3*v - a. List the prime factors of (-5 - -1)/(v/(-63)).
2, 3, 7
Let c be 36/2*(-21 + 20). Let m = c + 57. What are the prime factors of m?
3, 13
Let a(v) be the third derivative of -7*v**4/24 - 3*v**3/2 - 8*v**2. Suppose 0 = -u + 5*u + 24. What are the prime factors of a(u)?
3, 11
Suppose 5*h - 286 = 4*a - 2*a, -233 = -4*h + 3*a. Let c = h + 23. What are the prime factors of c?
79
Let u = 11268 - 5919. List the prime factors of u.
3, 1783
Let r(s) = 22*s**3 - 2*s**2 - 7*s + 13. Suppose 7*q + 8 = 11*q. What are the prime factors of r(q)?
167
Let u = 10 + -10. Let q(k) be the third derivative of -k**5/60 + 7*k**3/6 + k**2. List the prime factors of q(u).
7
Suppose h - 1190 = -5*t, 2*h = 10 - 0. Let x = t + -69. List the prime factors of x.
2, 3, 7
Suppose 0 = -4*w - 4*f - f + 1653, -2064 = -5*w - 4*f. List the prime factors of w.
2, 103
Let t be (-33)/5*(-12 - 3). Suppose o - t = 26. What are the prime factors of o?
5
Let q = -9 + 7. Let d = 42 + -22. List the prime factors of ((-16)/d)/(q/15).
2, 3
Let o = -13 + 17. Suppose -8 = -o*g, 0*n - 22 = 5*n - g. List the prime factors of 13/((n - -7)/9).
3, 13
List the prime factors of (42 + -40)/((-2)/(-2177)).
7, 311
Let g(n) = -5*n - 3. Let v(j) = 3*j + 2. Let r(l) = 5*g(l) + 8*v(l). Let f be r(3). List the prime factors of 3/(-6) - 51/f.
5
Let m(d) = d - 2. Let i be m(3). Let y = 6 - i. Suppose 3*f - 56 = -5*a, -4*f = y*a + 37 - 120. List the prime factors of f.
3
Suppose 5*v - 5 = 60. What are the prime factors of 613/v + ((-8)/52)/1?
47
Let h = -1501 + 2644. List the prime factors of h.
3, 127
List the prime factors of (10 - 1328/3)*6/(-4).
11, 59
Let o(n) = 16*n**3 + 4*n**2 + 2*n - 1. Let v be o(-2). Let g = 393 + v. List the prime factors of g.
2, 3, 23
Let d(w) = 2*w**3 - 3*w**2 + 1. Let t be d(-2). Suppose 0 = -5*a - 3*y - 251, -y + 8 = -5*y. Let o = t - a. What are the prime factors of o?
2, 11
What are the prime factors of 25552/60 + (-18)/(-135)?
2, 3, 71
Suppose -d = -39 + 11. What are the prime factors of 1044/d + 2/(-7)?
37
Suppose 0 = -16*q + 32193 - 10097. What are the prime factors of q?
1381
Suppose 16 - 56 = -3*t + 5*u, -4*u = t + 15. Suppose 0 = t*n - 93 - 112. List the prime factors of n.
41
Suppose 3*b - b = 14. Let a(g) = g**3 - 7*g**2 + g - 3. Let f be a(b). Suppose 0 = -f*u + 14 - 2. List the prime factors of u.
3
Suppose -3*k - 551 = -4*t, -5*t - 3*k = -0*t - 655. Let m be 1/(-2)*t - -1. List the prime factors of 1/(m/69 - -1).
23
Let n(s) = s**3 + 6*s**2 - 3*s + 9. Let x be n(-6). Suppose -2*d - 52 = -4*z + d, -5*z + 100 = 5*d. Let t = z + x. What are the prime factors of t?
43
Let t(i) = 2*i**2 - 16*i + 44. What are the prime factors of t(-12)?
2, 131
Let m = -28 - -46. Let q = m + -18. Suppose -4*y + y - 12 = q, y = 5*g - 59. List the prime factors of g.
11
Let m be (20/8 - 2)*10. Let x be m - 2 - (2 + 42). Let f = -19 - x. List the prime factors of f.
2, 11
Let f(t) = 104*t**2 + 4. Let w be f(-3). Suppose 2*s = 12*s - w. List the prime factors of s.
2, 47
List the prime factors of 3480/14 - (-8)/(-14).
2, 31
Let r = -22 + 10. Let c be (r/(-4) + -3)/(-1). Let i = c + 6. List the prime factors of i.
2, 3
Let q(r) = -2*r**3 - 5*r**2 - 2*r + 4. Let l be q(-2). Suppose 0 = -3*a + 5*c + 61, -3*c = a - l*a + 51. List the prime factors of a.
2, 3
Suppose 0 = 2*r - 5 - 3. Suppose -2*x = r*x - 690. Suppose -14*s - x = -19*s. What are the prime factors of s?
23
Suppose 4*c = -3*k - k + 8, k - 2 = 2*c. Let g be 31 - (c - -2 - 3). List the prime factors of (6/(-4))/((-6)/g).
2
Suppose c = 7 - 4. Suppose 0 = z + 5*g - 27, c*g = 3*z - 0*g - 9. List the prime factors of z.
7
Suppose -3*o + 6 + 2 = -v, 4*v - 5*o = -46. List the prime factors of 1*(2 + -3) - v.
13
Let g(y) = -89*y - 2. Let a be (-1)/2 - (-23)/(-46). What are the prime factors of g(a)?
3, 29
Let u = 1625 + -670. List the prime factors of u.
5, 191
What are the prime factors of 3238 - -1 - (-104)/(-13)?
3, 359
List the prime factors of (14 - (-476)/(-35)) + 8836/10.
2, 13, 17
Let p = -26 + 29. Suppose -5*u = -p*u - 82. What are the prime factors of u?
41
Suppose 0 = -10*x - 0*x + 30. What are the prime factors of 19 - x/((-9)/(-15))?
2, 7
Suppose c = 1, -2*f + 5375 = 28*c - 23*c. List the prime factors of f.
3, 5, 179
Let m be (-2 + 0)*(-12)/8. Suppose t - r - 2*r = 91, -m*r + 103 = t. List the prime factors of t.
97
Suppose -15*t + 4*x = -19*t + 9708, 0 = 5*t - x - 12159. What are the prime factors of t?
11, 13, 17
Let d = -8635 + 5219. What are the prime factors of (-2)/12 - d/48?
71
Suppose 167*j - 31540 = 148*j. List the prime factors of j.
2, 5, 83
Suppose 211 = -s + 806. List the prime factors of s.
5, 7, 17
Suppose 5 = -5*j - 5. Let s be (4 + 6)/(j*1). What are the prime factors of (-162)/s - (-10)/(-25)?
2
Let h(g) be the second derivative of 4*g**3/3 - 20*g**2 + 3*g. List the prime factors of h(16).
2, 11
Suppose 76 = -k + 348. List the prime factors of k.
2, 17
What are the prime factors of 99/54*6 + 3176?
3187
Let f(x) = -x + 3. Let g be f(0). Suppose -143 = -5*p - g*v + 148, -5*p - 2*v + 289 = 0. What are the prime factors of p?
3, 19
Suppose 0 = -5*i - 3*n - 0*n - 17, 2*n + 3 = 5*i. Let a(m) = 10*m**2 - 2*m - 1. Let u be a(i). Let h = 24 - u. What are the prime factors of h?
13
Suppose -2*w = -1 + 11, -3*r + 31 = -5*w. Let c(p) = 16*p**2 - 5*p + 10. List the prime factors of c(r).
2
Suppose 2*s + 5*w - 8*w - 933 = 0, -4*s - 4*w = -1816. List the prime factors of s.
3, 17
Let p = 19 + -52. Let h = 144 - 88. Let r = p + h. List the prime factors of r.
23
Let v be 18 - (1 - 4 - -5). Suppose -v*o + 108 = -10*o. List the prime factors of o.
2, 3
Let f be (36/30)/((-17)/20 + 1). What are the prime factors of ((-3)